19
What are the prime factors of 23294?
2, 19, 613
What are the prime factors of 10158?
2, 3, 1693
List the prime factors of 27818.
2, 7, 1987
What are the prime factors of 3737?
37, 101
What are the prime factors of 1098?
2, 3, 61
What are the prime factors of 89?
89
List the prime factors of 430.
2, 5, 43
What are the prime factors of 1953?
3, 7, 31
What are the prime factors of 1370?
2, 5, 137
List the prime factors of 3164.
2, 7, 113
List the prime factors of 2550.
2, 3, 5, 17
What are the prime factors of 6879?
3, 2293
List the prime factors of 23226.
2, 3, 7, 79
List the prime factors of 1107.
3, 41
List the prime factors of 815.
5, 163
What are the prime factors of 866?
2, 433
List the prime factors of 3191.
3191
What are the prime factors of 82323?
3, 3049
List the prime factors of 29511.
3, 1093
List the prime factors of 8237.
8237
What are the prime factors of 854?
2, 7, 61
What are the prime factors of 1784?
2, 223
What are the prime factors of 168771?
3, 101, 557
What are the prime factors of 6802?
2, 19, 179
What are the prime factors of 129010?
2, 5, 7, 19, 97
List the prime factors of 18141.
3, 6047
What are the prime factors of 3022?
2, 1511
List the prime factors of 1982.
2, 991
What are the prime factors of 19653?
3, 6551
What are the prime factors of 4625?
5, 37
What are the prime factors of 33018?
2, 3, 5503
What are the prime factors of 1028?
2, 257
What are the prime factors of 101590?
2, 5, 10159
What are the prime factors of 15178?
2, 7589
List the prime factors of 2108.
2, 17, 31
List the prime factors of 1167.
3, 389
List the prime factors of 6755.
5, 7, 193
List the prime factors of 793.
13, 61
What are the prime factors of 402?
2, 3, 67
What are the prime factors of 41356?
2, 7, 211
List the prime factors of 6391.
7, 11, 83
List the prime factors of 3628.
2, 907
What are the prime factors of 600?
2, 3, 5
What are the prime factors of 1911?
3, 7, 13
List the prime factors of 4816.
2, 7, 43
What are the prime factors of 26?
2, 13
What are the prime factors of 875?
5, 7
What are the prime factors of 39441?
3, 13147
What are the prime factors of 957?
3, 11, 29
What are the prime factors of 98304?
2, 3
List the prime factors of 262.
2, 131
List the prime factors of 9423.
3, 349
What are the prime factors of 1757?
7, 251
List the prime factors of 43869.
3, 7, 2089
List the prime factors of 25564.
2, 7, 11, 83
List the prime factors of 2894.
2, 1447
What are the prime factors of 1978?
2, 23, 43
What are the prime factors of 422?
2, 211
What are the prime factors of 3349?
17, 197
What are the prime factors of 1683?
3, 11, 17
List the prime factors of 122.
2, 61
List the prime factors of 252.
2, 3, 7
What are the prime factors of 4169?
11, 379
What are the prime factors of 1358?
2, 7, 97
What are the prime factors of 1719?
3, 191
What are the prime factors of 2207?
2207
What are the prime factors of 1735?
5, 347
List the prime factors of 472.
2, 59
List the prime factors of 16296.
2, 3, 7, 97
List the prime factors of 2715.
3, 5, 181
List the prime factors of 6347.
11, 577
List the prime factors of 56672.
2, 7, 11, 23
List the prime factors of 290.
2, 5, 29
List the prime factors of 31087.
7, 4441
List the prime factors of 127024.
2, 17, 467
List the prime factors of 66616.
2, 11, 757
What are the prime factors of 879?
3, 293
List the prime factors of 63144.
2, 3, 877
List the prime factors of 37853.
37853
What are the prime factors of 24708?
2, 3, 29, 71
What are the prime factors of 38230?
2, 5, 3823
What are the prime factors of 13094?
2, 6547
What are the prime factors of 22752?
2, 3, 79
What are the prime factors of 3035?
5, 607
What are the prime factors of 114985?
5, 13, 29, 61
List the prime factors of 235.
5, 47
What are the prime factors of 9075?
3, 5, 11
What are the prime factors of 27887?
79, 353
What are the prime factors of 89439?
3, 7, 4259
List the prime factors of 755.
5, 151
What are the prime factors of 156?
2, 3, 13
List the prime factors of 17345.
5, 3469
What are the prime factors of 7328?
2, 229
What are the prime factors of 47032?
2, 5879
What are the prime factors of 34373?
37, 929
What are the prime factors of 4520?
2, 5, 113
List the prime factors of 26843.
17, 1579
List the prime factors of 53284.
2, 7, 11, 173
What are the prime factors of 4256?
2, 7, 19
What are the prime factors of 5524?
2, 1381
List the prime factors of 22649.
11, 29, 71
What are the prime factors of 35486?
2, 11, 1613
What are the prime factors of 820?
2, 5, 41
What are the prime factors of 44878?
2, 19, 1181
List the prime factors of 70270.
2, 5, 7027
What are the prime factors of 4627?
7, 661
List the prime factors of 588.
2, 3, 7
What are the prime factors of 5972?
2, 1493
List the prime factors of 1243.
11, 113
List the prime factors of 10912.
2, 11, 31
List the prime factors of 16025.
5, 641
What are the prime factors of 1610?
2, 5, 7, 23
List the prime factors of 128.
2
What are the prime factors of 2532?
2, 3, 211
What are the prime factors of 807?
3, 269
What are the prime factors of 7394?
2, 3697
What are the prime factors of 10678?
2, 19, 281
List the prime factors of 1100.
2, 5, 11
What are the prime factors of 4273?
4273
What are the prime factors of 10645?
5, 2129
What are the prime factors of 2503?
2503
What are the prime factors of 16843?
16843
What are the prime factors of 10770?
2, 3, 5, 359
List the prime factors of 2729.
2729
What are the prime factors of 39892?
2, 9973
List the prime factors of 178255.
5, 7, 11, 463
What are the prime factors of 104577?
3, 11, 3169
What are the prime factors of 25975?
5, 1039
What are the prime factors of 69408?
2, 3, 241
List the prime factors of 16.
2
What are the prime factors of 33694?
2, 17, 991
List the prime factors of 11441.
17, 673
List the prime factors of 28480.
2, 5, 89
What are the prime factors of 18559?
67, 277
What are the prime factors of 11763?
3, 1307
List the prime factors of 24122.
2, 7, 1723
What are the prime factors of 11802?
2, 3, 7, 281
What are the prime factors of 120?
2, 3, 5
List the prime factors of 1307.
1307
List the prime factors of 1179.
3, 131
What are the prime factors of 54987?
3, 18329
What are the prime factors of 101?
101
List the prime factors of 2537.
43, 59
What are the prime factors of 11470?
2, 5, 31, 37
What are the prime factors of 6142?
2, 37, 83
What are the prime factors of 7159?
7159
What are the prime factors of 520?
2, 5, 13
What are the prime factors of 58245?
3, 5, 11, 353
What are the prime factors of 68620?
2, 5, 47, 73
List the prime factors of 7517.
7517
List the prime factors of 1362.
2, 3, 227
List the prime factors of 1600.
2, 5
List the prime factors of 336.
2, 3, 7
What are the prime factors of 27981?
3, 3109
What are the prime factors of 819?
3, 7, 13
What are the prime factors of 3318?
2, 3, 7, 79
List the prime factors of 54937.
137, 401
List the prime factors of 156.
2, 3, 13
What are the prime factors of 24712?
2, 3089
List the prime factors of 1119.
3, 373
What are the prime factors of 34302?
2, 3, 5717
What are the prime factors of 3468?
2, 3, 17
List the prime factors of 673.
673
What are the prime factors of 2963?
2963
List the prime factors of 32384.
2, 11, 23
What are the prime factors of 58574?
2, 29287
List the prime factors of 23984.
2, 1499
List the prime factors of 661.
661
What are the prime factors of 64612?
2, 29, 557
List the prime factors of 26998.
2, 13499
What are the prime factors of 18598?
2, 17, 547
List the prime factors of 4905.
3, 5, 109
What are the prime factors of 1644?
2, 3, 137
List the prime factors of 633.
3, 211
What are the prime factors of 28318?
2, 14159
What are the prime factors of 2010?
2, 3, 5, 67
List the prime factors of 222.
2, 3, 37
List the prime factors of 1812.
2, 3, 151
List the prime factors of 168496.
2, 10531
List the prime factors of 2159.
17, 127
List the prime factors of 4704.
2, 3, 7
List the prime factors of 772.
2, 193
List the prime factors of 12074.
2, 6037
List the prime factors of 6949.
6949
What are the prime factors of 312?
2, 3, 13
What are the prime factors of 42309?
3, 1567
List the prime factors of 1444.
2, 19
List the prime factors of 55525.
5, 2221
What are the prime factors of 15226?
2, 23, 331
What are the prime factors of 14643?